**2 + 7*w + 2. Let z be c(-7). Suppose 8*a - 174 = z*a. What is the units digit of a?
9
Suppose v + 2*u = 8 - 0, 0 = -2*u + 4. Let l be v/6 + (-9)/(-27). Let k = 3 - l. What is the units digit of k?
2
Suppose g - 75 = 150. What is the tens digit of 15/4 + -4 + g/4?
5
Suppose 0 = 2*k - 5*a - 2538, -82*k - 3*a = -77*k - 6376. What is the units digit of k?
4
Let o be (-15)/(-12) - 12/(-16). Suppose -4 = 2*k - 4*c - 2, 5*k - o*c - 11 = 0. Suppose -73 = -0*p - 2*p - k*x, -4*p + x = -111. What is the units digit of p?
9
Suppose -15*j = -7*j - 1272. What is the units digit of j?
9
Let s(l) = l**3 - l**2 + l + 4. Let y(j) = j**3 - 3*j**2. Let i be y(3). Let o be s(i). Suppose 0 = -5*x + o + 16. What is the units digit of x?
4
Let i = -25 - -20. What is the hundreds digit of (28/i)/((-40)/1300)?
1
What is the tens digit of 590/((-21)/9 + 3)?
8
Let r(a) = 3*a**2 - 9*a - 26. What is the hundreds digit of r(9)?
1
Let p(t) = 2180*t - 10. What is the tens digit of p(1)?
7
Suppose 3*o - 3*q = -15, 28 = -2*o - 2*o + 2*q. What is the tens digit of (-525)/o + 9/(-27)?
5
Let q = 11259 - 6554. What is the hundreds digit of q?
7
Suppose -9*v + 1795 = 670. What is the hundreds digit of v?
1
Let u be 6410/9 - (100/(-36) - -3). Suppose u = b + 7*b. What is the tens digit of b?
8
Let r be (-1)/2 - (7 - (-24)/16). Let o(k) = -k**2 - 16*k - 9. What is the tens digit of o(r)?
5
Suppose 22 = 3*j + 2*v - 4*v, 0 = -5*j - 3*v + 5. Suppose b = -4*s + 15, -s + 0*b + j*b = 9. Let t(c) = c**2. What is the units digit of t(s)?
9
Let o be 209/9 + (-2)/9. Suppose 2*f + 0 - 9 = u, 3*u = 4*f - o. Suppose -12 - 46 = -f*v. What is the tens digit of v?
2
Let f = 285 - 23. Let p = -111 + f. What is the hundreds digit of p?
1
Let i(y) = 2*y**3 + 12*y**2 - 5*y - 20. Let r be i(-6). Suppose 2914 = r*u + 294. What is the units digit of u?
2
Let p(y) = -100*y - 1. Let w(z) = 101*z + 1. Let b(o) = -6*p(o) - 7*w(o). What is the units digit of b(-1)?
6
Let u(a) = a**2 + 2*a - 116. Let z be u(10). Let s(r) = -r**2 - 5*r. Let y be s(-5). Suppose -3 = j - y*j, -z*j = k - 21. What is the units digit of k?
3
Suppose 2*s - 3*x - 333 = 0, 0 = 4*x - x + 9. What is the hundreds digit of s?
1
Suppose -1125 - 9255 = 2*n. What is the tens digit of n/(-20) - 1/(-2)?
6
Let i(t) = t**3 - 28*t**2 + 5*t - 41. What is the tens digit of i(28)?
9
Let f(n) be the third derivative of n**5/30 + 29*n**4/24 - 19*n**3/6 + 16*n**2. What is the hundreds digit of f(-20)?
2
Let p(b) = -b**3 + 4*b**2 + 6*b - 3. Let o be p(5). Suppose -o*l + 49 = 3*k - 53, 16 = 4*k. Let h = l + -13. What is the tens digit of h?
3
Suppose 750 + 678 = 2*i. What is the units digit of i/8 - 3/12?
9
Let s = -168 + 1195. What is the units digit of s?
7
Let p = 19 - 17. Suppose -p*z = -0*z - 62. Let k = z - 16. What is the units digit of k?
5
Suppose 0 = 3*b - 0*p - 2*p - 5, -4*b + 5*p + 2 = 0. Let j(n) be the third derivative of n**5/12 - n**4/8 - n**3/6 + 2*n**2. What is the tens digit of j(b)?
3
Let y(d) = -d**3 + 16*d**2 + 2*d + 34. What is the hundreds digit of y(11)?
6
Suppose -23*z + 1832 = -15*z. What is the hundreds digit of z?
2
Suppose -2*h + 5*o + 0*o + 9 = 0, -4*h + 4*o + 12 = 0. Suppose 4 = h*p - 118. What is the tens digit of p?
6
Suppose -4*o = -5*i - 324, -o + i = -0*i - 82. Let q = o - 27. What is the tens digit of q?
5
Let r be (0 - 3) + -2 + 2. Let n be -2 - ((-31 - -3) + r). Suppose -8 = c - n. What is the units digit of c?
1
What is the units digit of (4 + 3976/20)*(-45)/(-6)?
1
Let w(a) = 111*a - 612. What is the units digit of w(7)?
5
Let y(d) = -3*d**3 + d**2 + 7*d + 9. Let r be y(-2). Let a = r + 154. What is the tens digit of a?
7
Let u be (-5 - 12)/((-2)/18). Let v = -58 + u. Suppose -2*l = -5*c - 45, -5*l - 4*c + v = c. What is the units digit of l?
0
Suppose -144 = -3*d - 3*h, 0*d - 2*d - 4*h = -100. What is the tens digit of d?
4
Let o(m) = -m**3 + 14*m**2 - 13*m + 14. Suppose 6*v = -16 + 94. Let n be o(v). Suppose 77 - n = 3*l. What is the units digit of l?
1
Suppose -2 = -d - 0. Let u be (-66)/(-12) + d/(-4). Suppose 5*j + u*i = 45, 7*j - 2*j - 2*i = 17. What is the units digit of j?
5
Let v(r) = -r**3 + 5*r**2 - r + 7. Let h be v(5). Suppose h*d - 94 - 78 = 0. Suppose 1 = 3*l - d. What is the tens digit of l?
2
Suppose -2032 = 3*w - 3610. What is the units digit of w?
6
Suppose 2*m + 0*m = -4*w + 52, 0 = 5*w + m - 71. Let k = -8 + w. Suppose -j = -k - 11. What is the tens digit of j?
1
Suppose c + 2608 = 4*a, -2057 - 551 = -4*a + 5*c. What is the units digit of a?
2
What is the hundreds digit of (-1)/2 - 0 - (-89152)/128?
6
Suppose 9 = 2*w - 3*w. Let j = -20 - w. Let g = j + 20. What is the units digit of g?
9
What is the tens digit of (-2)/(-11) + 4/(44/17323)?
7
Suppose -814 + 8020 = 3*s. What is the units digit of s?
2
Let p(l) = -141*l - 21. What is the hundreds digit of p(-6)?
8
Let x(u) = u**3 + 8*u**2 + 7*u + 30. Let k be x(-7). What is the tens digit of 2/(k/2073) + 5/(-25)?
3
Let b(n) = 2*n + 2. Let m be (7/7)/(1/2). Let q be b(m). Let f(o) = o**2 - 13. What is the tens digit of f(q)?
2
What is the thousands digit of 2/(-20)*2 + 22804/20?
1
Let z(a) = a**3 + 8*a**2 - a. Let t be z(-8). What is the units digit of (t/(-10))/((-48)/600)?
0
Let i(d) = 4*d**3 + 7*d + 27*d**3 + 2*d**2 - 1 - 4*d - 3*d**2. What is the tens digit of i(2)?
4
Let o(b) = 12*b**3 - 4*b**2 + 12*b - 20. What is the units digit of o(2)?
4
Let q(x) = -13. Let d(b) = 3. Let u(t) = 9*d(t) + 2*q(t). Let h(z) = -z + 2. Let f(p) = 5*h(p) - 15*u(p). What is the tens digit of f(-4)?
1
Let n(m) = m**2 - 8*m + 3. Let a be n(3). Let q be a/(-4)*-1 - 11. What is the units digit of (-218)/(-3) + q/21?
2
Let w be 10/(-6)*(-3 + 0). Let f be (1/1)/(1/w). Suppose m - 16 = -f*q, 2 - 13 = -2*q - 5*m. What is the units digit of q?
3
Let t(b) = -2*b + 13. Let w be t(6). What is the units digit of (-5 + w)/(38/(-2451))?
8
Let c(s) = 15*s**3 + 3*s**2 + 8*s - 1. What is the units digit of c(3)?
5
Let q = -2173 + 3688. What is the units digit of q?
5
Let g be -14*(-73 + 12/4). Suppose -3*d - 2*d = g. What is the units digit of d/(-20) + (-8)/10?
9
Let q = -455 + 530. What is the tens digit of q?
7
Let g(i) = 4*i**3 + 4*i**2 - 2*i - 34. What is the hundreds digit of g(6)?
9
Let m be -2 + ((-2)/(-2) - 13). Let g = -26 - m. What is the tens digit of 82/4 + 6/g?
2
Suppose 3*t + 2*i - 4 = 0, -t - 3*t + 28 = -3*i. Suppose t*u - 187 = 125. What is the units digit of u?
8
What is the units digit of 0 - -1000 - (11 + (-15 - -3))?
1
Suppose -3*y + 2*p + 1819 = -7, -2*y - 2*p + 1234 = 0. What is the units digit of y?
2
Let b(l) = 3*l**2 - 5*l - 6. Let d be b(-6). Let m = d - 69. What is the units digit of m?
3
Let s(j) = -19*j + 1367. What is the hundreds digit of s(-35)?
0
Let b(g) = g**3 - 10*g**2 + 52*g - 1. What is the units digit of b(13)?
2
Suppose -5*q + 2009 + 531 = -2*v, 5*q + 3*v = 2565. What is the units digit of q?
0
Let w(l) = l**3 + 13*l**2 - 11*l - 3. What is the hundreds digit of w(-6)?
3
Let b(y) = y**3 - 15*y**2 + 8*y + 7. What is the tens digit of b(15)?
2
Let z(y) = y**2 - 17*y + 250. What is the tens digit of z(22)?
6
Suppose 301 - 2641 = -4*r + k, -1192 = -2*r - 5*k. Let d = r - 389. What is the tens digit of d?
9
Let i(y) = 8*y - 34. Let w be i(-7). Let x = 158 + w. What is the tens digit of x?
6
Let o(j) = -12*j**3 + 2*j**2 + 2*j - 3. Let x be o(-2). Let k = -31 + x. What is the tens digit of k?
6
Suppose -a + z + 380 = 0, a - 5*z = -3*z + 384. What is the hundreds digit of a?
3
Suppose 3*n = 4*w - 14460, -2*n = -3*w + 4149 + 6697. What is the tens digit of w?
1
Suppose -2*f + 2922 = -4*q, 3*f = 6*q - q + 4379. What is the tens digit of f?
5
Let v = -13 + 15. Let j = -7 - 8. What is the units digit of (-340)/j + v/(-3)?
2
Suppose -144 = 3*k - 6*k. Let p(s) = 72*s**2 + s. Let g be p(-1). Suppose -4*y + 0*f + f = -g, 3*y = -f + k. What is the tens digit of y?
1
Let f(m) = m + 75. Let p(y) = 38. Let g(x) = -6*f(x) + 13*p(x). What is the hundreds digit of g(-21)?
1
Suppose -3*a - 5*i - 36 = -6, 0 = -5*a - i - 50. Let v(x) = x**3 + 10*x**2 + 5*x - 12. Let u be v(a). Let l = 89 + u. What is the tens digit of l?
2
Suppose 2*v - 9*x = -4*x + 3587, 0 = -v - 3*x + 1799. What is the thousands digit of v?
1
Let n = 36 - 32. Let v(w) = 6*w**2 - 7*w + 10. What 